{"id":55,"date":"2025-06-23T12:26:13","date_gmt":"2025-06-23T10:26:13","guid":{"rendered":"https:\/\/idrac2025.vous-accueille.com\/nassim\/?post_type=product&#038;p=55"},"modified":"2025-06-23T12:56:35","modified_gmt":"2025-06-23T10:56:35","slug":"parka-blocktech-coupe-3d","status":"publish","type":"product","link":"https:\/\/idrac2025.vous-accueille.com\/nassim\/produit\/parka-blocktech-coupe-3d\/","title":{"rendered":"Parka BLOCKTECH (Coupe 3D)"},"content":{"rendered":"<p class=\"fr-ec-body fr-ec-body--color-primary-dark fr-ec-body--standard fr-ec-text-align-left fr-ec-text-transform-normal fr-ec-mb-spacing-05\" data-testid=\"CoreBody\">Une parka 3D au design ind\u00e9modable.<\/p>\n<p>&#8211; Rembourrage r\u00e9chauffant avec une doublure lamin\u00e9e.<\/p>\n<p>&#8211; Rev\u00eatement durable et d\u00e9perlant.<\/p>\n<p>&#8211; Coupe \u00e9l\u00e9gante sans matelassage visible.<\/p>\n<p>&#8211; Construction tridimensionnelle pour un mouvement libre des bras.<\/p>\n<p>&#8211; D\u00e9tails inspir\u00e9s des v\u00eatements de sport d&rsquo;hiver.<\/p>\n<p>&#8211; V\u00eatement haute performance, con\u00e7u pour \u00eatre port\u00e9s au quotidien.<\/p>\n<p>&#8211; Un design \u00e9pur\u00e9 sans compromis sur la chaleur.<\/p>\n<p>Les images pr\u00e9sent\u00e9es peuvent inclure des couleurs qui ne sont pas disponibles<\/p>\n<dl class=\"fr-ec-description-list\">\n<dt class=\"fr-ec-description-list-item-dt\">\n<p class=\"fr-ec-label fr-ec-label--color-primary-dark fr-ec-label--large fr-ec-text-align-left fr-ec-text-transform-normal\">\n<\/dt>\n<dd class=\"fr-ec-description-list-item-dd\">\n<p class=\"fr-ec-body fr-ec-body--color-primary-dark fr-ec-body--standard fr-ec-text-align-left fr-ec-text-transform-normal fr-ec-description-list-item-dd__max-width\" data-testid=\"CoreBody\">&#8211; Les images pr\u00e9sent\u00e9es peuvent inclure des couleurs qui ne sont pas disponibles.<br \/>\n&#8211; Les v\u00eatements utilisant des mat\u00e9riaux recycl\u00e9s font partie de nos efforts pour soutenir la r\u00e9duction des d\u00e9chets et l&rsquo;utilisation de nouveaux mat\u00e9riaux. La proportion de mat\u00e9riaux recycl\u00e9s varie d&rsquo;un article \u00e0 l&rsquo;autre. Veuillez consulter la rubrique &lsquo;Mat\u00e9riaux&rsquo; sur l&rsquo;\u00e9tiquette de prix ou l&rsquo;\u00e9tiquette d&rsquo;entretien pour plus de d\u00e9tails.<\/p>\n<\/dd>\n<\/dl>\n","protected":false},"excerpt":{"rendered":"<p><span data-teams=\"true\"><strong>Coupe droite<\/strong> &#8211; Ni trop ajust\u00e9e ni trop ample. Choisissez votre taille habituelle. La pi\u00e8ce id\u00e9ale pour une tenue confortable et polyvalente au quotidien.<\/span><\/p>\n","protected":false},"featured_media":54,"comment_status":"open","ping_status":"closed","template":"","meta":[],"product_brand":[],"product_cat":[20],"product_tag":[41,42],"class_list":{"0":"post-55","1":"product","2":"type-product","3":"status-publish","4":"has-post-thumbnail","6":"product_cat-jackets","7":"product_tag-les-intemporels","8":"product_tag-vetement-de-pluie","10":"first","11":"instock","12":"taxable","13":"shipping-taxable","14":"purchasable","15":"product-type-variable","16":"has-default-attributes"},"_links":{"self":[{"href":"https:\/\/idrac2025.vous-accueille.com\/nassim\/wp-json\/wp\/v2\/product\/55","targetHints":{"allow":["GET"]}}],"collection":[{"href":"https:\/\/idrac2025.vous-accueille.com\/nassim\/wp-json\/wp\/v2\/product"}],"about":[{"href":"https:\/\/idrac2025.vous-accueille.com\/nassim\/wp-json\/wp\/v2\/types\/product"}],"replies":[{"embeddable":true,"href":"https:\/\/idrac2025.vous-accueille.com\/nassim\/wp-json\/wp\/v2\/comments?post=55"}],"wp:featuredmedia":[{"embeddable":true,"href":"https:\/\/idrac2025.vous-accueille.com\/nassim\/wp-json\/wp\/v2\/media\/54"}],"wp:attachment":[{"href":"https:\/\/idrac2025.vous-accueille.com\/nassim\/wp-json\/wp\/v2\/media?parent=55"}],"wp:term":[{"taxonomy":"product_brand","embeddable":true,"href":"https:\/\/idrac2025.vous-accueille.com\/nassim\/wp-json\/wp\/v2\/product_brand?post=55"},{"taxonomy":"product_cat","embeddable":true,"href":"https:\/\/idrac2025.vous-accueille.com\/nassim\/wp-json\/wp\/v2\/product_cat?post=55"},{"taxonomy":"product_tag","embeddable":true,"href":"https:\/\/idrac2025.vous-accueille.com\/nassim\/wp-json\/wp\/v2\/product_tag?post=55"}],"curies":[{"name":"wp","href":"https:\/\/api.w.org\/{rel}","templated":true}]}}